{"id":1394,"date":"2017-10-22T14:55:37","date_gmt":"2017-10-22T12:55:37","guid":{"rendered":"http:\/\/krakensbaseball.fr\/?page_id=1394"},"modified":"2025-03-25T13:56:07","modified_gmt":"2025-03-25T12:56:07","slug":"evenements","status":"publish","type":"page","link":"https:\/\/krakensbaseball.fr\/index.php\/evenements\/","title":{"rendered":"\u00c9v\u00e8nements"},"content":{"rendered":"<div class=\"mec-wrap mec-skin-grid-container  \" id=\"mec_skin_1396\">\r\n\r\n    \r\n        <div class=\"mec-skin-grid-events-container\" id=\"mec_skin_events_1396\">\r\n        Aucun \u00e9v\u00e9nement trouv\u00e9 !    <\/div>\r\n    \r\n    \r\n<\/div>\r\n\n","protected":false},"excerpt":{"rendered":"","protected":false},"author":1,"featured_media":0,"parent":0,"menu_order":0,"comment_status":"closed","ping_status":"closed","template":"","meta":{"footnotes":""},"class_list":["post-1394","page","type-page","status-publish","hentry"],"_links":{"self":[{"href":"https:\/\/krakensbaseball.fr\/index.php\/wp-json\/wp\/v2\/pages\/1394","targetHints":{"allow":["GET"]}}],"collection":[{"href":"https:\/\/krakensbaseball.fr\/index.php\/wp-json\/wp\/v2\/pages"}],"about":[{"href":"https:\/\/krakensbaseball.fr\/index.php\/wp-json\/wp\/v2\/types\/page"}],"author":[{"embeddable":true,"href":"https:\/\/krakensbaseball.fr\/index.php\/wp-json\/wp\/v2\/users\/1"}],"replies":[{"embeddable":true,"href":"https:\/\/krakensbaseball.fr\/index.php\/wp-json\/wp\/v2\/comments?post=1394"}],"version-history":[{"count":4,"href":"https:\/\/krakensbaseball.fr\/index.php\/wp-json\/wp\/v2\/pages\/1394\/revisions"}],"predecessor-version":[{"id":1775,"href":"https:\/\/krakensbaseball.fr\/index.php\/wp-json\/wp\/v2\/pages\/1394\/revisions\/1775"}],"wp:attachment":[{"href":"https:\/\/krakensbaseball.fr\/index.php\/wp-json\/wp\/v2\/media?parent=1394"}],"curies":[{"name":"wp","href":"https:\/\/api.w.org\/{rel}","templated":true}]}}